{"id":721,"date":"2017-10-23T00:56:19","date_gmt":"2017-10-23T05:56:19","guid":{"rendered":"https:\/\/importenis.com\/?page_id=721"},"modified":"2022-06-26T17:40:54","modified_gmt":"2022-06-26T22:40:54","slug":"politicas-de-privacidad","status":"publish","type":"page","link":"https:\/\/saldoshoes.com\/?page_id=721","title":{"rendered":"Privacidad"},"content":{"rendered":"<div><span class=\"ws9\" style=\"color: #333333;\"><b><i>Politicas de privacidad<\/i><\/b><\/span><\/div>\n<div><span class=\"ws9\" style=\"color: #333333;\">\u00a0<\/span><\/div>\n<div><span class=\"ws9\" style=\"color: #333333;\">DATOS PERSONALES<\/span><\/div>\n<div><span class=\"ws9\" style=\"color: #333333;\">\u00a0<\/span><\/div>\n<div><span class=\"ws9\" style=\"color: #333333;\">La informaci\u00f3n solicitada al usuario en el sitio saldoshoes.com es: Nombre completo, Tel\u00e9fonos de contacto, Direcci\u00f3n Postal, Correo Electr\u00f3nico y Datos de Facturaci\u00f3n,. Sus datos personales ser\u00e1n tratados con base a en los principios de licitud, consentimiento, informaci\u00f3n, calidad, finalidad, lealtad, proporcionalidad y responsabilidad en t\u00e9rminos de la Legislaci\u00f3n. Se mantendr\u00e1 la confidencialidad de sus datos personales estableciendo y manteniendo de forma efectiva las medidas de seguridad administrativas, t\u00e9cnicas y f\u00edsicas, para evitar perdida, alteraci\u00f3n, destrucci\u00f3n, uso, acceso o divulgaci\u00f3n indebida.<\/span><\/div>\n<div><span class=\"ws9\" style=\"color: #333333;\">\u00a0<\/span><\/div>\n<div><span class=\"ws9\" style=\"color: #333333;\">USO DE LA INFORMACI\u00d3N<\/span><\/div>\n<div><span class=\"ws9\" style=\"color: #333333;\">\u00a0<\/span><\/div>\n<div><span class=\"ws9\" style=\"color: #333333;\">La informaci\u00f3n solicitada permite a saldoshoes.com contactar a los usuarios y potenciales clientes cuando sea necesario para completar los procedimientos de compra. Asimismo, se utilizara la informaci\u00f3n obtenida para: &#8211; Procurar un servicio eficiente &#8211; Informar sobre nuevos productos o servicios que est\u00e9n relacionados con el contratado o adquirido por el cliente &#8211; Dar cumplimiento a obligaciones contra\u00eddas con nuestros clientes &#8211; Informar sobre cambios de nuestros productos o servicios &#8211; Proveer una mejor atenci\u00f3n al usuario. Los datos personales o empresariales proporcionados por el usuario formaran parte de un archivo que contendr\u00e1 su perfil. El usuario puede modificar su perfil en cualquier momento utilizando su numero de usuario y pasword..<\/span><\/div>\n<div><span class=\"ws9\" style=\"color: #333333;\">\u00a0<\/span><\/div>\n<div><span class=\"ws9\" style=\"color: #333333;\">LIMITACI\u00d3N DE USO Y DIVULGACI\u00d3N DE INFORMACI\u00d3N<\/span><\/div>\n<div><span class=\"ws9\" style=\"color: #333333;\">\u00a0<\/span><\/div>\n<div><span class=\"ws9\" style=\"color: #333333;\">En nuestro programa de notificaci\u00f3n de promociones, ofertas y servicios a trav\u00e9s de correo electr\u00f3nico, solo Saldoshoes.com tiene acceso a la informaci\u00f3n recabada. Este tipo de publicidad se realiza mediante avisos y mensajes promocionales de correo electr\u00f3nico, los cuales solo ser\u00e1n enviados a usted y a aquellos contactos registrados para tal prop\u00f3sito, esta indicaci\u00f3n podr\u00e1 usted modificara en cualquier momento enviando un correo a ventas@Saldoshoes.com<\/span><\/div>\n","protected":false},"excerpt":{"rendered":"<p>Politicas de privacidad \u00a0 DATOS PERSONALES \u00a0 La informaci\u00f3n solicitada al usuario en el sitio saldoshoes.com es: Nombre completo, Tel\u00e9fonos de contacto, Direcci\u00f3n Postal, Correo Electr\u00f3nico y Datos de Facturaci\u00f3n,. Sus datos personales ser\u00e1n tratados con base a en los principios de licitud, consentimiento, informaci\u00f3n, calidad, finalidad, lealtad, proporcionalidad y responsabilidad en t\u00e9rminos de la [&hellip;]<\/p>\n","protected":false},"author":1,"featured_media":0,"parent":0,"menu_order":0,"comment_status":"closed","ping_status":"closed","template":"","meta":{"_themeisle_gutenberg_block_has_review":false},"yoast_head":"<!-- This site is optimized with the Yoast SEO plugin v19.1 - https:\/\/yoast.com\/wordpress\/plugins\/seo\/ -->\n<title>Privacidad - SaldoShoes.com<\/title>\n<meta name=\"robots\" content=\"index, follow, max-snippet:-1, max-image-preview:large, max-video-preview:-1\" \/>\n<link rel=\"canonical\" href=\"https:\/\/saldoshoes.com\/?page_id=721\" \/>\n<meta property=\"og:locale\" content=\"es_ES\" \/>\n<meta property=\"og:type\" content=\"article\" \/>\n<meta property=\"og:title\" content=\"Privacidad - SaldoShoes.com\" \/>\n<meta property=\"og:description\" content=\"Politicas de privacidad \u00a0 DATOS PERSONALES \u00a0 La informaci\u00f3n solicitada al usuario en el sitio saldoshoes.com es: Nombre completo, Tel\u00e9fonos de contacto, Direcci\u00f3n Postal, Correo Electr\u00f3nico y Datos de Facturaci\u00f3n,. Sus datos personales ser\u00e1n tratados con base a en los principios de licitud, consentimiento, informaci\u00f3n, calidad, finalidad, lealtad, proporcionalidad y responsabilidad en t\u00e9rminos de la [&hellip;]\" \/>\n<meta property=\"og:url\" content=\"https:\/\/saldoshoes.com\/?page_id=721\" \/>\n<meta property=\"og:site_name\" content=\"SaldoShoes.com\" \/>\n<meta property=\"article:modified_time\" content=\"2022-06-26T22:40:54+00:00\" \/>\n<meta name=\"twitter:card\" content=\"summary\" \/>\n<meta name=\"twitter:label1\" content=\"Tiempo de lectura\" \/>\n\t<meta name=\"twitter:data1\" content=\"2 minutos\" \/>\n<script type=\"application\/ld+json\" class=\"yoast-schema-graph\">{\"@context\":\"https:\/\/schema.org\",\"@graph\":[{\"@type\":\"WebSite\",\"@id\":\"https:\/\/saldoshoes.com\/#website\",\"url\":\"https:\/\/saldoshoes.com\/\",\"name\":\"SaldoShoes.com\",\"description\":\"Lotes de calzado deportivo tenis Mayorista de las mejores marcas\",\"potentialAction\":[{\"@type\":\"SearchAction\",\"target\":{\"@type\":\"EntryPoint\",\"urlTemplate\":\"https:\/\/saldoshoes.com\/?s={search_term_string}\"},\"query-input\":\"required name=search_term_string\"}],\"inLanguage\":\"es\"},{\"@type\":\"WebPage\",\"@id\":\"https:\/\/saldoshoes.com\/?page_id=721#webpage\",\"url\":\"https:\/\/saldoshoes.com\/?page_id=721\",\"name\":\"Privacidad - SaldoShoes.com\",\"isPartOf\":{\"@id\":\"https:\/\/saldoshoes.com\/#website\"},\"datePublished\":\"2017-10-23T05:56:19+00:00\",\"dateModified\":\"2022-06-26T22:40:54+00:00\",\"breadcrumb\":{\"@id\":\"https:\/\/saldoshoes.com\/?page_id=721#breadcrumb\"},\"inLanguage\":\"es\",\"potentialAction\":[{\"@type\":\"ReadAction\",\"target\":[\"https:\/\/saldoshoes.com\/?page_id=721\"]}]},{\"@type\":\"BreadcrumbList\",\"@id\":\"https:\/\/saldoshoes.com\/?page_id=721#breadcrumb\",\"itemListElement\":[{\"@type\":\"ListItem\",\"position\":1,\"name\":\"Portada\",\"item\":\"https:\/\/saldoshoes.com\/\"},{\"@type\":\"ListItem\",\"position\":2,\"name\":\"Privacidad\"}]}]}<\/script>\n<!-- \/ Yoast SEO plugin. -->","yoast_head_json":{"title":"Privacidad - SaldoShoes.com","robots":{"index":"index","follow":"follow","max-snippet":"max-snippet:-1","max-image-preview":"max-image-preview:large","max-video-preview":"max-video-preview:-1"},"canonical":"https:\/\/saldoshoes.com\/?page_id=721","og_locale":"es_ES","og_type":"article","og_title":"Privacidad - SaldoShoes.com","og_description":"Politicas de privacidad \u00a0 DATOS PERSONALES \u00a0 La informaci\u00f3n solicitada al usuario en el sitio saldoshoes.com es: Nombre completo, Tel\u00e9fonos de contacto, Direcci\u00f3n Postal, Correo Electr\u00f3nico y Datos de Facturaci\u00f3n,. Sus datos personales ser\u00e1n tratados con base a en los principios de licitud, consentimiento, informaci\u00f3n, calidad, finalidad, lealtad, proporcionalidad y responsabilidad en t\u00e9rminos de la [&hellip;]","og_url":"https:\/\/saldoshoes.com\/?page_id=721","og_site_name":"SaldoShoes.com","article_modified_time":"2022-06-26T22:40:54+00:00","twitter_card":"summary","twitter_misc":{"Tiempo de lectura":"2 minutos"},"schema":{"@context":"https:\/\/schema.org","@graph":[{"@type":"WebSite","@id":"https:\/\/saldoshoes.com\/#website","url":"https:\/\/saldoshoes.com\/","name":"SaldoShoes.com","description":"Lotes de calzado deportivo tenis Mayorista de las mejores marcas","potentialAction":[{"@type":"SearchAction","target":{"@type":"EntryPoint","urlTemplate":"https:\/\/saldoshoes.com\/?s={search_term_string}"},"query-input":"required name=search_term_string"}],"inLanguage":"es"},{"@type":"WebPage","@id":"https:\/\/saldoshoes.com\/?page_id=721#webpage","url":"https:\/\/saldoshoes.com\/?page_id=721","name":"Privacidad - SaldoShoes.com","isPartOf":{"@id":"https:\/\/saldoshoes.com\/#website"},"datePublished":"2017-10-23T05:56:19+00:00","dateModified":"2022-06-26T22:40:54+00:00","breadcrumb":{"@id":"https:\/\/saldoshoes.com\/?page_id=721#breadcrumb"},"inLanguage":"es","potentialAction":[{"@type":"ReadAction","target":["https:\/\/saldoshoes.com\/?page_id=721"]}]},{"@type":"BreadcrumbList","@id":"https:\/\/saldoshoes.com\/?page_id=721#breadcrumb","itemListElement":[{"@type":"ListItem","position":1,"name":"Portada","item":"https:\/\/saldoshoes.com\/"},{"@type":"ListItem","position":2,"name":"Privacidad"}]}]}},"_links":{"self":[{"href":"https:\/\/saldoshoes.com\/index.php?rest_route=\/wp\/v2\/pages\/721"}],"collection":[{"href":"https:\/\/saldoshoes.com\/index.php?rest_route=\/wp\/v2\/pages"}],"about":[{"href":"https:\/\/saldoshoes.com\/index.php?rest_route=\/wp\/v2\/types\/page"}],"author":[{"embeddable":true,"href":"https:\/\/saldoshoes.com\/index.php?rest_route=\/wp\/v2\/users\/1"}],"replies":[{"embeddable":true,"href":"https:\/\/saldoshoes.com\/index.php?rest_route=%2Fwp%2Fv2%2Fcomments&post=721"}],"version-history":[{"count":5,"href":"https:\/\/saldoshoes.com\/index.php?rest_route=\/wp\/v2\/pages\/721\/revisions"}],"predecessor-version":[{"id":2967,"href":"https:\/\/saldoshoes.com\/index.php?rest_route=\/wp\/v2\/pages\/721\/revisions\/2967"}],"wp:attachment":[{"href":"https:\/\/saldoshoes.com\/index.php?rest_route=%2Fwp%2Fv2%2Fmedia&parent=721"}],"curies":[{"name":"wp","href":"https:\/\/api.w.org\/{rel}","templated":true}]}}