{"id":2916,"date":"2022-06-01T19:41:56","date_gmt":"2022-06-02T00:41:56","guid":{"rendered":"https:\/\/saldousa.com\/?post_type=product&#038;p=2916"},"modified":"2024-07-20T18:15:05","modified_gmt":"2024-07-20T23:15:05","slug":"lotes-de-50-prendas-deportivas-marca-puma-adidas-fila-nike-under-armour","status":"publish","type":"product","link":"https:\/\/saldoshoes.com\/?product=lotes-de-50-prendas-deportivas-marca-puma-adidas-fila-nike-under-armour","title":{"rendered":"Lotes de 50 prendas deportivas marca Puma Adidas fila Nike Under Armour"},"content":{"rendered":"<p>Lote de 50 prendas deportivas nuevas marca: Puma, Adidas, Fila, Nike, under Armour, Puma (originales) Moda deportiva modelos actuales. Obt\u00e9n envi\u00f3 gratis sin cargo adicional a todo M\u00e9xico con garant\u00eda de entrega a domicilio.<\/p>\r\n\r\n<p>&nbsp;<\/p>\r\n","protected":false},"excerpt":{"rendered":"<p>Lote de 50 prendas deportivas nuevas marca: Puma, Adidas, Fila, Nike, under Armour, Puma (originales) Moda deportiva modelos actuales. Obt\u00e9n envi\u00f3 gratis sin cargo adicional a todo M\u00e9xico con garant\u00eda de entrega a domicilio. &nbsp;<\/p>\n","protected":false},"featured_media":3083,"comment_status":"open","ping_status":"closed","template":"","meta":{"_themeisle_gutenberg_block_has_review":false},"product_cat":[122],"product_tag":[33,107,98,31,32,105,53,106],"yoast_head":"<!-- This site is optimized with the Yoast SEO plugin v19.1 - https:\/\/yoast.com\/wordpress\/plugins\/seo\/ -->\n<title>Lotes de 50 prendas deportivas marca Puma Adidas fila Nike Under Armour - SaldoShoes.com<\/title>\n<meta name=\"robots\" content=\"index, follow, max-snippet:-1, max-image-preview:large, max-video-preview:-1\" \/>\n<link rel=\"canonical\" href=\"https:\/\/saldoshoes.com\/?product=lotes-de-50-prendas-deportivas-marca-puma-adidas-fila-nike-under-armour\" \/>\n<meta property=\"og:locale\" content=\"es_ES\" \/>\n<meta property=\"og:type\" content=\"article\" \/>\n<meta property=\"og:title\" content=\"Lotes de 50 prendas deportivas marca Puma Adidas fila Nike Under Armour - SaldoShoes.com\" \/>\n<meta property=\"og:description\" content=\"Lote de 50 prendas deportivas nuevas marca: Puma, Adidas, Fila, Nike, under Armour, Puma (originales) Moda deportiva modelos actuales. Obt\u00e9n envi\u00f3 gratis sin cargo adicional a todo M\u00e9xico con garant\u00eda de entrega a domicilio. &nbsp;\" \/>\n<meta property=\"og:url\" content=\"https:\/\/saldoshoes.com\/?product=lotes-de-50-prendas-deportivas-marca-puma-adidas-fila-nike-under-armour\" \/>\n<meta property=\"og:site_name\" content=\"SaldoShoes.com\" \/>\n<meta property=\"article:modified_time\" content=\"2024-07-20T23:15:05+00:00\" \/>\n<meta property=\"og:image\" content=\"https:\/\/saldoshoes.com\/wp-content\/uploads\/2022\/06\/151978199_275629187413806_382091665751728213_nL.png\" \/>\n\t<meta property=\"og:image:width\" content=\"720\" \/>\n\t<meta property=\"og:image:height\" content=\"960\" \/>\n\t<meta property=\"og:image:type\" content=\"image\/png\" \/>\n<meta name=\"twitter:card\" content=\"summary\" \/>\n<script type=\"application\/ld+json\" class=\"yoast-schema-graph\">{\"@context\":\"https:\/\/schema.org\",\"@graph\":[{\"@type\":\"WebSite\",\"@id\":\"https:\/\/saldoshoes.com\/#website\",\"url\":\"https:\/\/saldoshoes.com\/\",\"name\":\"SaldoShoes.com\",\"description\":\"Lotes de calzado deportivo tenis Mayorista de las mejores marcas\",\"potentialAction\":[{\"@type\":\"SearchAction\",\"target\":{\"@type\":\"EntryPoint\",\"urlTemplate\":\"https:\/\/saldoshoes.com\/?s={search_term_string}\"},\"query-input\":\"required name=search_term_string\"}],\"inLanguage\":\"es\"},{\"@type\":\"ImageObject\",\"inLanguage\":\"es\",\"@id\":\"https:\/\/saldoshoes.com\/?product=lotes-de-50-prendas-deportivas-marca-puma-adidas-fila-nike-under-armour#primaryimage\",\"url\":\"https:\/\/saldoshoes.com\/wp-content\/uploads\/2022\/06\/151978199_275629187413806_382091665751728213_nL.png\",\"contentUrl\":\"https:\/\/saldoshoes.com\/wp-content\/uploads\/2022\/06\/151978199_275629187413806_382091665751728213_nL.png\",\"width\":720,\"height\":960,\"caption\":\"saldoshoes.com\"},{\"@type\":\"WebPage\",\"@id\":\"https:\/\/saldoshoes.com\/?product=lotes-de-50-prendas-deportivas-marca-puma-adidas-fila-nike-under-armour#webpage\",\"url\":\"https:\/\/saldoshoes.com\/?product=lotes-de-50-prendas-deportivas-marca-puma-adidas-fila-nike-under-armour\",\"name\":\"Lotes de 50 prendas deportivas marca Puma Adidas fila Nike Under Armour - SaldoShoes.com\",\"isPartOf\":{\"@id\":\"https:\/\/saldoshoes.com\/#website\"},\"primaryImageOfPage\":{\"@id\":\"https:\/\/saldoshoes.com\/?product=lotes-de-50-prendas-deportivas-marca-puma-adidas-fila-nike-under-armour#primaryimage\"},\"datePublished\":\"2022-06-02T00:41:56+00:00\",\"dateModified\":\"2024-07-20T23:15:05+00:00\",\"breadcrumb\":{\"@id\":\"https:\/\/saldoshoes.com\/?product=lotes-de-50-prendas-deportivas-marca-puma-adidas-fila-nike-under-armour#breadcrumb\"},\"inLanguage\":\"es\",\"potentialAction\":[{\"@type\":\"ReadAction\",\"target\":[\"https:\/\/saldoshoes.com\/?product=lotes-de-50-prendas-deportivas-marca-puma-adidas-fila-nike-under-armour\"]}]},{\"@type\":\"BreadcrumbList\",\"@id\":\"https:\/\/saldoshoes.com\/?product=lotes-de-50-prendas-deportivas-marca-puma-adidas-fila-nike-under-armour#breadcrumb\",\"itemListElement\":[{\"@type\":\"ListItem\",\"position\":1,\"name\":\"Portada\",\"item\":\"https:\/\/saldoshoes.com\/\"},{\"@type\":\"ListItem\",\"position\":2,\"name\":\"\",\"item\":\"https:\/\/saldoshoes.com\/\"},{\"@type\":\"ListItem\",\"position\":3,\"name\":\"Lotes de 50 prendas deportivas marca Puma Adidas fila Nike Under Armour\"}]}]}<\/script>\n<!-- \/ Yoast SEO plugin. -->","yoast_head_json":{"title":"Lotes de 50 prendas deportivas marca Puma Adidas fila Nike Under Armour - SaldoShoes.com","robots":{"index":"index","follow":"follow","max-snippet":"max-snippet:-1","max-image-preview":"max-image-preview:large","max-video-preview":"max-video-preview:-1"},"canonical":"https:\/\/saldoshoes.com\/?product=lotes-de-50-prendas-deportivas-marca-puma-adidas-fila-nike-under-armour","og_locale":"es_ES","og_type":"article","og_title":"Lotes de 50 prendas deportivas marca Puma Adidas fila Nike Under Armour - SaldoShoes.com","og_description":"Lote de 50 prendas deportivas nuevas marca: Puma, Adidas, Fila, Nike, under Armour, Puma (originales) Moda deportiva modelos actuales. Obt\u00e9n envi\u00f3 gratis sin cargo adicional a todo M\u00e9xico con garant\u00eda de entrega a domicilio. &nbsp;","og_url":"https:\/\/saldoshoes.com\/?product=lotes-de-50-prendas-deportivas-marca-puma-adidas-fila-nike-under-armour","og_site_name":"SaldoShoes.com","article_modified_time":"2024-07-20T23:15:05+00:00","og_image":[{"width":720,"height":960,"url":"https:\/\/saldoshoes.com\/wp-content\/uploads\/2022\/06\/151978199_275629187413806_382091665751728213_nL.png","type":"image\/png"}],"twitter_card":"summary","schema":{"@context":"https:\/\/schema.org","@graph":[{"@type":"WebSite","@id":"https:\/\/saldoshoes.com\/#website","url":"https:\/\/saldoshoes.com\/","name":"SaldoShoes.com","description":"Lotes de calzado deportivo tenis Mayorista de las mejores marcas","potentialAction":[{"@type":"SearchAction","target":{"@type":"EntryPoint","urlTemplate":"https:\/\/saldoshoes.com\/?s={search_term_string}"},"query-input":"required name=search_term_string"}],"inLanguage":"es"},{"@type":"ImageObject","inLanguage":"es","@id":"https:\/\/saldoshoes.com\/?product=lotes-de-50-prendas-deportivas-marca-puma-adidas-fila-nike-under-armour#primaryimage","url":"https:\/\/saldoshoes.com\/wp-content\/uploads\/2022\/06\/151978199_275629187413806_382091665751728213_nL.png","contentUrl":"https:\/\/saldoshoes.com\/wp-content\/uploads\/2022\/06\/151978199_275629187413806_382091665751728213_nL.png","width":720,"height":960,"caption":"saldoshoes.com"},{"@type":"WebPage","@id":"https:\/\/saldoshoes.com\/?product=lotes-de-50-prendas-deportivas-marca-puma-adidas-fila-nike-under-armour#webpage","url":"https:\/\/saldoshoes.com\/?product=lotes-de-50-prendas-deportivas-marca-puma-adidas-fila-nike-under-armour","name":"Lotes de 50 prendas deportivas marca Puma Adidas fila Nike Under Armour - SaldoShoes.com","isPartOf":{"@id":"https:\/\/saldoshoes.com\/#website"},"primaryImageOfPage":{"@id":"https:\/\/saldoshoes.com\/?product=lotes-de-50-prendas-deportivas-marca-puma-adidas-fila-nike-under-armour#primaryimage"},"datePublished":"2022-06-02T00:41:56+00:00","dateModified":"2024-07-20T23:15:05+00:00","breadcrumb":{"@id":"https:\/\/saldoshoes.com\/?product=lotes-de-50-prendas-deportivas-marca-puma-adidas-fila-nike-under-armour#breadcrumb"},"inLanguage":"es","potentialAction":[{"@type":"ReadAction","target":["https:\/\/saldoshoes.com\/?product=lotes-de-50-prendas-deportivas-marca-puma-adidas-fila-nike-under-armour"]}]},{"@type":"BreadcrumbList","@id":"https:\/\/saldoshoes.com\/?product=lotes-de-50-prendas-deportivas-marca-puma-adidas-fila-nike-under-armour#breadcrumb","itemListElement":[{"@type":"ListItem","position":1,"name":"Portada","item":"https:\/\/saldoshoes.com\/"},{"@type":"ListItem","position":2,"name":"","item":"https:\/\/saldoshoes.com\/"},{"@type":"ListItem","position":3,"name":"Lotes de 50 prendas deportivas marca Puma Adidas fila Nike Under Armour"}]}]}},"_links":{"self":[{"href":"https:\/\/saldoshoes.com\/index.php?rest_route=\/wp\/v2\/product\/2916"}],"collection":[{"href":"https:\/\/saldoshoes.com\/index.php?rest_route=\/wp\/v2\/product"}],"about":[{"href":"https:\/\/saldoshoes.com\/index.php?rest_route=\/wp\/v2\/types\/product"}],"replies":[{"embeddable":true,"href":"https:\/\/saldoshoes.com\/index.php?rest_route=%2Fwp%2Fv2%2Fcomments&post=2916"}],"wp:featuredmedia":[{"embeddable":true,"href":"https:\/\/saldoshoes.com\/index.php?rest_route=\/wp\/v2\/media\/3083"}],"wp:attachment":[{"href":"https:\/\/saldoshoes.com\/index.php?rest_route=%2Fwp%2Fv2%2Fmedia&parent=2916"}],"wp:term":[{"taxonomy":"product_cat","embeddable":true,"href":"https:\/\/saldoshoes.com\/index.php?rest_route=%2Fwp%2Fv2%2Fproduct_cat&post=2916"},{"taxonomy":"product_tag","embeddable":true,"href":"https:\/\/saldoshoes.com\/index.php?rest_route=%2Fwp%2Fv2%2Fproduct_tag&post=2916"}],"curies":[{"name":"wp","href":"https:\/\/api.w.org\/{rel}","templated":true}]}}